{"id":548,"date":"2024-11-01T11:12:46","date_gmt":"2024-11-01T10:12:46","guid":{"rendered":"https:\/\/lefan.be\/index.php\/panier\/"},"modified":"2024-11-01T11:12:46","modified_gmt":"2024-11-01T10:12:46","slug":"panier","status":"publish","type":"page","link":"https:\/\/lefan.be\/index.php\/panier\/","title":{"rendered":"Panier"},"content":{"rendered":"<p>[woocommerce_cart]<\/p>\n","protected":false},"excerpt":{"rendered":"","protected":false},"author":1,"featured_media":0,"parent":0,"menu_order":0,"comment_status":"closed","ping_status":"closed","template":"","meta":{"site-sidebar-layout":"default","site-content-layout":"","ast-site-content-layout":"default","site-content-style":"default","site-sidebar-style":"default","ast-global-header-display":"","ast-banner-title-visibility":"","ast-main-header-display":"","ast-hfb-above-header-display":"","ast-hfb-below-header-display":"","ast-hfb-mobile-header-display":"","site-post-title":"","ast-breadcrumbs-content":"","ast-featured-img":"","footer-sml-layout":"","ast-disable-related-posts":"","theme-transparent-header-meta":"","adv-header-id-meta":"","stick-header-meta":"","header-above-stick-meta":"","header-main-stick-meta":"","header-below-stick-meta":"","astra-migrate-meta-layouts":"default","ast-page-background-enabled":"default","ast-page-background-meta":{"desktop":{"background-color":"var(--ast-global-color-4)","background-image":"","background-repeat":"repeat","background-position":"center center","background-size":"auto","background-attachment":"scroll","background-type":"","background-media":"","overlay-type":"","overlay-color":"","overlay-opacity":"","overlay-gradient":""},"tablet":{"background-color":"","background-image":"","background-repeat":"repeat","background-position":"center center","background-size":"auto","background-attachment":"scroll","background-type":"","background-media":"","overlay-type":"","overlay-color":"","overlay-opacity":"","overlay-gradient":""},"mobile":{"background-color":"","background-image":"","background-repeat":"repeat","background-position":"center center","background-size":"auto","background-attachment":"scroll","background-type":"","background-media":"","overlay-type":"","overlay-color":"","overlay-opacity":"","overlay-gradient":""}},"ast-content-background-meta":{"desktop":{"background-color":"var(--ast-global-color-5)","background-image":"","background-repeat":"repeat","background-position":"center center","background-size":"auto","background-attachment":"scroll","background-type":"","background-media":"","overlay-type":"","overlay-color":"","overlay-opacity":"","overlay-gradient":""},"tablet":{"background-color":"var(--ast-global-color-5)","background-image":"","background-repeat":"repeat","background-position":"center center","background-size":"auto","background-attachment":"scroll","background-type":"","background-media":"","overlay-type":"","overlay-color":"","overlay-opacity":"","overlay-gradient":""},"mobile":{"background-color":"var(--ast-global-color-5)","background-image":"","background-repeat":"repeat","background-position":"center center","background-size":"auto","background-attachment":"scroll","background-type":"","background-media":"","overlay-type":"","overlay-color":"","overlay-opacity":"","overlay-gradient":""}},"footnotes":""},"class_list":["post-548","page","type-page","status-publish","hentry"],"yoast_head":"<!-- This site is optimized with the Yoast SEO plugin v27.4 - https:\/\/yoast.com\/product\/yoast-seo-wordpress\/ -->\n<title>Panier - Le Fan Sandwicherie<\/title>\n<meta name=\"robots\" content=\"index, follow, max-snippet:-1, max-image-preview:large, max-video-preview:-1\" \/>\n<link rel=\"canonical\" href=\"https:\/\/lefan.be\/index.php\/panier\/\" \/>\n<meta property=\"og:locale\" content=\"fr_FR\" \/>\n<meta property=\"og:type\" content=\"article\" \/>\n<meta property=\"og:title\" content=\"Panier - Le Fan Sandwicherie\" \/>\n<meta property=\"og:url\" content=\"https:\/\/lefan.be\/index.php\/panier\/\" \/>\n<meta property=\"og:site_name\" content=\"Le Fan Sandwicherie\" \/>\n<meta property=\"article:publisher\" content=\"https:\/\/www.facebook.com\/profile.php?id=61563494745033\" \/>\n<meta name=\"twitter:card\" content=\"summary_large_image\" \/>\n<script type=\"application\/ld+json\" class=\"yoast-schema-graph\">{\"@context\":\"https:\\\/\\\/schema.org\",\"@graph\":[{\"@type\":\"WebPage\",\"@id\":\"https:\\\/\\\/lefan.be\\\/index.php\\\/panier\\\/\",\"url\":\"https:\\\/\\\/lefan.be\\\/index.php\\\/panier\\\/\",\"name\":\"Panier - Le Fan Sandwicherie\",\"isPartOf\":{\"@id\":\"https:\\\/\\\/lefan.be\\\/#website\"},\"datePublished\":\"2024-11-01T10:12:46+00:00\",\"breadcrumb\":{\"@id\":\"https:\\\/\\\/lefan.be\\\/index.php\\\/panier\\\/#breadcrumb\"},\"inLanguage\":\"fr-FR\",\"potentialAction\":[{\"@type\":\"ReadAction\",\"target\":[\"https:\\\/\\\/lefan.be\\\/index.php\\\/panier\\\/\"]}]},{\"@type\":\"BreadcrumbList\",\"@id\":\"https:\\\/\\\/lefan.be\\\/index.php\\\/panier\\\/#breadcrumb\",\"itemListElement\":[{\"@type\":\"ListItem\",\"position\":1,\"name\":\"Accueil\",\"item\":\"https:\\\/\\\/lefan.be\\\/\"},{\"@type\":\"ListItem\",\"position\":2,\"name\":\"Panier\"}]},{\"@type\":\"WebSite\",\"@id\":\"https:\\\/\\\/lefan.be\\\/#website\",\"url\":\"https:\\\/\\\/lefan.be\\\/\",\"name\":\"LeFan\",\"description\":\"Le Fan est une sandwicherie gourmande situ\u00e9e \u00e0 Uccle. D\u00e9couvrez notre large s\u00e9lection de sandwichs artisanaux, paninis, salades fra\u00eeches et soupes maison. Nos sp\u00e9cialit\u00e9s incluent des recettes originales comme Le Fan, Le Petit Chat ou Le Nikos. Nous proposons \u00e9galement des options v\u00e9g\u00e9tariennes et v\u00e9ganes. Tous nos produits sont pr\u00e9par\u00e9s avec soin, \u00e0 partir d&#039;ingr\u00e9dients frais et de qualit\u00e9. Commandez sur place pour savourer nos d\u00e9licieuses cr\u00e9ations\",\"publisher\":{\"@id\":\"https:\\\/\\\/lefan.be\\\/#organization\"},\"alternateName\":\"Le Fan\",\"potentialAction\":[{\"@type\":\"SearchAction\",\"target\":{\"@type\":\"EntryPoint\",\"urlTemplate\":\"https:\\\/\\\/lefan.be\\\/?s={search_term_string}\"},\"query-input\":{\"@type\":\"PropertyValueSpecification\",\"valueRequired\":true,\"valueName\":\"search_term_string\"}}],\"inLanguage\":\"fr-FR\"},{\"@type\":\"Organization\",\"@id\":\"https:\\\/\\\/lefan.be\\\/#organization\",\"name\":\"LeFan\",\"url\":\"https:\\\/\\\/lefan.be\\\/\",\"logo\":{\"@type\":\"ImageObject\",\"inLanguage\":\"fr-FR\",\"@id\":\"https:\\\/\\\/lefan.be\\\/#\\\/schema\\\/logo\\\/image\\\/\",\"url\":\"https:\\\/\\\/lefan.be\\\/wp-content\\\/uploads\\\/2024\\\/06\\\/logo_30x30.png\",\"contentUrl\":\"https:\\\/\\\/lefan.be\\\/wp-content\\\/uploads\\\/2024\\\/06\\\/logo_30x30.png\",\"width\":3543,\"height\":3493,\"caption\":\"LeFan\"},\"image\":{\"@id\":\"https:\\\/\\\/lefan.be\\\/#\\\/schema\\\/logo\\\/image\\\/\"},\"sameAs\":[\"https:\\\/\\\/www.facebook.com\\\/profile.php?id=61563494745033\"]}]}<\/script>\n<!-- \/ Yoast SEO plugin. -->","yoast_head_json":{"title":"Panier - Le Fan Sandwicherie","robots":{"index":"index","follow":"follow","max-snippet":"max-snippet:-1","max-image-preview":"max-image-preview:large","max-video-preview":"max-video-preview:-1"},"canonical":"https:\/\/lefan.be\/index.php\/panier\/","og_locale":"fr_FR","og_type":"article","og_title":"Panier - Le Fan Sandwicherie","og_url":"https:\/\/lefan.be\/index.php\/panier\/","og_site_name":"Le Fan Sandwicherie","article_publisher":"https:\/\/www.facebook.com\/profile.php?id=61563494745033","twitter_card":"summary_large_image","schema":{"@context":"https:\/\/schema.org","@graph":[{"@type":"WebPage","@id":"https:\/\/lefan.be\/index.php\/panier\/","url":"https:\/\/lefan.be\/index.php\/panier\/","name":"Panier - Le Fan Sandwicherie","isPartOf":{"@id":"https:\/\/lefan.be\/#website"},"datePublished":"2024-11-01T10:12:46+00:00","breadcrumb":{"@id":"https:\/\/lefan.be\/index.php\/panier\/#breadcrumb"},"inLanguage":"fr-FR","potentialAction":[{"@type":"ReadAction","target":["https:\/\/lefan.be\/index.php\/panier\/"]}]},{"@type":"BreadcrumbList","@id":"https:\/\/lefan.be\/index.php\/panier\/#breadcrumb","itemListElement":[{"@type":"ListItem","position":1,"name":"Accueil","item":"https:\/\/lefan.be\/"},{"@type":"ListItem","position":2,"name":"Panier"}]},{"@type":"WebSite","@id":"https:\/\/lefan.be\/#website","url":"https:\/\/lefan.be\/","name":"LeFan","description":"Le Fan est une sandwicherie gourmande situ\u00e9e \u00e0 Uccle. D\u00e9couvrez notre large s\u00e9lection de sandwichs artisanaux, paninis, salades fra\u00eeches et soupes maison. Nos sp\u00e9cialit\u00e9s incluent des recettes originales comme Le Fan, Le Petit Chat ou Le Nikos. Nous proposons \u00e9galement des options v\u00e9g\u00e9tariennes et v\u00e9ganes. Tous nos produits sont pr\u00e9par\u00e9s avec soin, \u00e0 partir d&#039;ingr\u00e9dients frais et de qualit\u00e9. Commandez sur place pour savourer nos d\u00e9licieuses cr\u00e9ations","publisher":{"@id":"https:\/\/lefan.be\/#organization"},"alternateName":"Le Fan","potentialAction":[{"@type":"SearchAction","target":{"@type":"EntryPoint","urlTemplate":"https:\/\/lefan.be\/?s={search_term_string}"},"query-input":{"@type":"PropertyValueSpecification","valueRequired":true,"valueName":"search_term_string"}}],"inLanguage":"fr-FR"},{"@type":"Organization","@id":"https:\/\/lefan.be\/#organization","name":"LeFan","url":"https:\/\/lefan.be\/","logo":{"@type":"ImageObject","inLanguage":"fr-FR","@id":"https:\/\/lefan.be\/#\/schema\/logo\/image\/","url":"https:\/\/lefan.be\/wp-content\/uploads\/2024\/06\/logo_30x30.png","contentUrl":"https:\/\/lefan.be\/wp-content\/uploads\/2024\/06\/logo_30x30.png","width":3543,"height":3493,"caption":"LeFan"},"image":{"@id":"https:\/\/lefan.be\/#\/schema\/logo\/image\/"},"sameAs":["https:\/\/www.facebook.com\/profile.php?id=61563494745033"]}]}},"jetpack_sharing_enabled":true,"_links":{"self":[{"href":"https:\/\/lefan.be\/index.php\/wp-json\/wp\/v2\/pages\/548","targetHints":{"allow":["GET"]}}],"collection":[{"href":"https:\/\/lefan.be\/index.php\/wp-json\/wp\/v2\/pages"}],"about":[{"href":"https:\/\/lefan.be\/index.php\/wp-json\/wp\/v2\/types\/page"}],"author":[{"embeddable":true,"href":"https:\/\/lefan.be\/index.php\/wp-json\/wp\/v2\/users\/1"}],"replies":[{"embeddable":true,"href":"https:\/\/lefan.be\/index.php\/wp-json\/wp\/v2\/comments?post=548"}],"version-history":[{"count":0,"href":"https:\/\/lefan.be\/index.php\/wp-json\/wp\/v2\/pages\/548\/revisions"}],"wp:attachment":[{"href":"https:\/\/lefan.be\/index.php\/wp-json\/wp\/v2\/media?parent=548"}],"curies":[{"name":"wp","href":"https:\/\/api.w.org\/{rel}","templated":true}]}}